at is the tens digit of f(d)?
5
Let n(d) = 15*d**2 + 67*d - 132. What is the ten thousands digit of n(25)?
1
What is the tens digit of 208/572 + 4 + 89700/44?
4
Let g(d) = -d**3 + 38*d**2 + 37*d - 585. What is the tens digit of g(31)?
8
Suppose -5*g = -3*g - 16. Let n be (-1 - g/(-4)) + 51 + -2. Let y = 109 - n. What is the tens digit of y?
5
Let r(t) = 2434*t**3 + 90*t**2 - 84*t - 5. What is the tens digit of r(1)?
3
Let z be 7 + -3 + (21 - 1) + -3. Suppose 0 = 4*m - 85 + z. What is the tens digit of 269/3 - m/24?
8
Let g(f) = -403*f + 2792. What is the ten thousands digit of g(-35)?
1
Let g be -3 + 45/3 + 0. Let d = g - 6. What is the tens digit of (60/25)/d + (-88)/(-5)?
1
Suppose 4*h - 6695 = -5*w, 4*w = -5*h + 1922 + 3443. Suppose 4*d - 1325 = -s, w = s - 13*d + 15*d. What is the units digit of s?
5
Let w be 4 + 1 + 8/(-4). Suppose 0 = 4*a, 4*a = 2*x + w*a - 974. What is the tens digit of x?
8
Let w(u) = -12*u**3 - 74*u**2 + 3*u + 13. What is the hundreds digit of w(-9)?
7
Let k(t) = 21*t**2 + 51*t - 11. Let i = 552 + -545. What is the hundreds digit of k(i)?
3
Let b(a) = -a**3 - 24*a**2 - 79*a - 144. What is the tens digit of b(-29)?
5
Let f(p) = 22*p**2 + 5*p - 34. Let g be f(-6). What is the hundreds digit of g/6*42/14?
3
Suppose 53*c = -42*c - 29*c + 1241116. What is the hundreds digit of c?
0
Suppose h = -d + 7692, 10414 = 2*h - 3*d - 4925. What is the thousands digit of h?
7
Suppose -9 + 2 = -2*d - y, 2*d + 3*y - 13 = 0. Let b(k) = 9 - k**d + 0*k**2 - 7 + 14*k + 11. What is the units digit of b(9)?
8
Suppose -14*d = 100 - 30. What is the hundreds digit of 45878/35 - -7 - 1/d?
3
Suppose g + 4931 = -4*d + 87645, -g = 2*d - 41356. What is the ten thousands digit of d?
2
Let x = 20519 + -9375. What is the units digit of (-1)/(-5 - (-55713)/x)?
2
Suppose 3*c + 919 = 2*c + o, -4*o + 2752 = -3*c. Let b = c - -1571. What is the hundreds digit of b?
6
Let s(k) = -328*k + 351. What is the units digit of s(-19)?
3
Let v be (5 + (-87)/6)*150/(-3). Suppose 10500 = -v*j + 485*j. What is the hundreds digit of j?
0
Let q = 4232 + -3010. Suppose 268 = -3*b + q. What is the tens digit of b?
1
Let u(b) = b**3 - b**2 - 9*b. Let o be u(3). Let i be ((-17)/51)/(1/o). Let l(j) = -j**3 + 7*j**2 - 4*j + 14. What is the units digit of l(i)?
8
Let b(a) = 7*a**2 + a - 1288. What is the thousands digit of b(49)?
5
Let c be 4 - 11 - (-1 - 1967). Suppose -42*w + 37*w + c = 3*t, 2*w = 2*t - 1318. What is the units digit of t?
7
Suppose -n + 1 = 4. Let c be ((-210)/(-25))/(n/(-70)). Suppose 2*z - z = c. What is the tens digit of z?
9
Let u = 3313 + -1376. Let i = u + -976. What is the tens digit of i?
6
Suppose 45*v - 1813415 = -325580. What is the tens digit of v?
6
Let y(j) = j - 19. Let w be y(21). Suppose w*q + f + 72 = 490, 2*f = 0. Suppose 7*o - 225 = q. What is the units digit of o?
2
What is the thousands digit of 440/22*809/2?
8
What is the tens digit of ((-1)/4)/((-17)/544748)?
1
Suppose 50*a - 58*a = -16. Suppose -h + 271 = -3*r - 300, -2*h + a*r = -1142. What is the hundreds digit of h?
5
Let f(q) = -11*q**2 - 891*q + 72. What is the thousands digit of f(-51)?
6
Suppose -2*a + 12 = -3*d, -4*a + 0*d + d = -4. Suppose 1386 = -3*k - a*k. What is the units digit of -2 + -2 - k/11?
8
Let j(d) = 48*d + 1050. Suppose 3*p - 3*f - 9 = 0, -11*p + 4*f + 12 = -12*p. What is the units digit of j(p)?
0
Suppose -11*h - i = -6*h - 19, -2*h - 5*i = -26. Suppose a = -h*u + 252, 5*u + 393 = a + 125. What is the units digit of a?
8
What is the thousands digit of (-30)/(-220)*11*950?
1
Let a(k) = -7057*k - 973. What is the tens digit of a(-2)?
4
Let c(n) = 3187*n**2 - 190*n - 760. What is the ten thousands digit of c(-4)?
5
Let m = 4895 + -3732. What is the thousands digit of m?
1
Let p be (76/3)/(64/36 - 2). What is the tens digit of p/266 + 11206/14?
0
Suppose -12*m + 10*m = 150. Let y = 69 + m. What is the tens digit of (-1 + 0)/(y/174)?
2
Suppose 21 = -7*d + 63. Let c(o) = 91*o - 121. What is the units digit of c(d)?
5
Let x(n) = 28*n**2 + 14*n + 13. Let g be x(-6). Let a = -370 + g. What is the hundreds digit of a?
5
Let d(x) be the third derivative of 25*x**2 + 5/3*x**3 - 1/120*x**6 - 7/60*x**5 + 1/12*x**4 + 0*x + 0. What is the units digit of d(-8)?
8
Suppose 25 = v + 55. What is the units digit of (-13158)/(-21) + v/(-70)?
7
Let n(p) = -5*p**2 + 26*p - 17. Let k be n(4). Let b be (-143)/3*(-2 - 1). Suppose b = 6*r + k*r. What is the tens digit of r?
1
Let y = 231 - 216. Suppose 2821 + 7064 = y*x. What is the hundreds digit of x?
6
Suppose -4*l = -v - 471, -3*l + 84 = -4*v - 253. Let x be (-6)/1*(l/14 - 6). What is the tens digit of (-2)/3 - (1270/x + 1)?
8
Let f(x) = -3*x**3 + 9*x**2 + 71*x + 406. What is the units digit of f(-6)?
2
Let i = -51376 - -76047. What is the hundreds digit of i?
6
Suppose -819034 - 4272913 = -79*b - 1232402. What is the ten thousands digit of b?
4
Let w = -150 - -155. Suppose 4*z - 2052 = -w*z. What is the tens digit of z?
2
Let l be -9 - -6 - -1*5. Suppose -j + 0*j + 2*z = 5, -2*z = 2*j - l. What is the units digit of ((-2)/(-8) + j)/((-37)/148)?
3
Let w(v) = 131*v - 169. What is the hundreds digit of w(4)?
3
Let q = -9948 + 15570. What is the units digit of q?
2
Let k(w) = -73*w + 9. Let c be k(-5). Let m = -355 + 564. Let t = c - m. What is the units digit of t?
5
Suppose 4*m + 2*y = 31749 + 32721, 5*y - 15 = 0. What is the units digit of m?
6
Let p = -152 - -140. Let k be -1*(-6)/p + (-2123)/2. What is the tens digit of (-2)/(k/(-534) + -2)?
7
Let a be (-7 - -7)/6*(-1)/(-5). Suppose -6*g + 3173 - 1085 = a. What is the units digit of g?
8
Let i(q) = -q**2 - 7*q + 6. Let t be i(-8). Let o be (t/(-3))/((35/(-3855))/(-7)). Let z = o + -355. What is the hundreds digit of z?
1
Let b(q) = 210*q**2 - 152*q + 1401. What is the tens digit of b(10)?
8
Let f = 25 + -20. Suppose 0*s - f*q - 933 = -3*s, 1555 = 5*s + 2*q. Suppose -3*u + 232 = 2*k, 0 = -4*u - k - 0*k + s. What is the tens digit of u?
7
Let z(n) = 4*n**2 + 1. Let o be z(-1). Suppose -1110 = -o*p + 10. Suppose -2*j = 20 - p. What is the tens digit of j?
0
Suppose 8*y - 34727 = 74289. What is the thousands digit of y?
3
Let o be 33664/(-38) - (5 + 93/(-19)). Let s = o - -1586. What is the hundreds digit of s?
7
What is the units digit of ((-137716)/3)/(-4) + (-35)/(-21) + -1?
7
Let h = -26817 + 45087. What is the tens digit of h?
7
Let s = 3324 - 3318. What is the units digit of s?
6
Let i(k) = -151*k**3 - 6*k**2 + 7*k + 57. What is the hundreds digit of i(-6)?
4
Suppose 2*y - 4*y = 2, -y = -3*w + 4. Let u(v) = 166*v**2 - 7*v + 2. Let n(c) = 83*c**2 - 4*c + 1. Let z(x) = -7*n(x) + 4*u(x). What is the tens digit of z(w)?
8
Suppose h + 15 = 20. Suppose -h*v + 243 = -792. What is the units digit of v/6*16/6?
2
Let b(x) = 2*x**2 - 2*x - 4. Let w be b(-2). Suppose w*n = 7*n + 232. What is the hundreds digit of n?
2
Let d = -99 + 98. Let o = d - -232. Suppose -c = c + 4*j - 502, 0 = -c + 3*j + o. What is the units digit of c?
3
Suppose -5*n = 20, 117*n - 113*n - 13625 = -3*a. What is the hundreds digit of a?
5
Let l = -65 - 331. Let x = 459 + l. What is the tens digit of x?
6
Suppose -4*w - 6487 = -5*o, -o + 2*w + 3891 = 2*o. Suppose 0 = y - 3*y + q + 518, -o = -5*y - 4*q. What is the units digit of y?
9
Let p(w) = -w**3 - 14*w**2 - 28*w + 26. Let b be p(-13). Let u = b + -74. What is the units digit of u?
7
Suppose 905 = 23*t + 123. Let b(r) = r**2 - 33*r + 38. What is the units digit of b(t)?
2
Let v be (-234)/(-42) - (-6)/14 - -365. Let n be (2/(-4))/((-4)/(-2056)). Let t = v + n. What is the units digit of t?
4
Let j be ((-11)/(-11))/((8/750)/(-4)). Let o = j + 1137. What is the tens digit of o?
6
Let l = -1155 - -14844. What is the hundreds digit of l?
6
Let c = -840 + 855. Let d(o) be the second derivative of 2*o**3/3 - 45*o**2/2 + 3*o. What is the tens digit of d(c)?
1
Suppose 2*m = -6 + 14. Let z(n) = 3*n - 8. Let p be z(m). Suppose -19 = 3*r + p*t - 155, 0 = -2*r + 5*t + 60. What is the units digit of r?
0
Let m(i) be the third derivative of -i**5/60 - 2*i**4/3 - 11*i**3/6 + 2*i**2. Let p be m(-15). Suppose p*g + 37 = 169. What is the tens digit of g?
3
Suppose -t + 2 = -2*u - 6, 0 = -4*t + 5*u + 17. Let b(z) = 27*z**2 - 3*z - 5. Let m be b(t). Suppose -5*s + 126 = -m. What is t